{"id":31,"date":"2018-11-22T21:25:24","date_gmt":"2018-11-22T20:25:24","guid":{"rendered":"http:\/\/unissur.com\/?page_id=31"},"modified":"2020-09-01T11:10:20","modified_gmt":"2020-09-01T09:10:20","slug":"contact","status":"publish","type":"page","link":"https:\/\/www.unissur.com\/index.php\/contact\/","title":{"rendered":"Contact"},"content":{"rendered":"\n<p>Nous vous invitons \u00e0 nous contacter en priorit\u00e9 par le biais du formulaire ci-dessous, en nous laissant vos coordonn\u00e9es t\u00e9l\u00e9phoniques. Un charg\u00e9 de client\u00e8le prendra ensuite contact avec vous dans les meilleurs d\u00e9lais en fonction de la nature de votre demande.<\/p>\n\n\n\n<p>[contact-form-7 id=\u00a0\u00bb1964&Prime; title=\u00a0\u00bbFormulaire de contact 1&Prime;]<\/p>\n","protected":false},"excerpt":{"rendered":"<p>Nous vous invitons \u00e0 nous contacter en priorit\u00e9 par le biais du formulaire ci-dessous, en nous laissant vos coordonn\u00e9es t\u00e9l\u00e9phoniques. Un charg\u00e9 de client\u00e8le prendra ensuite contact avec vous dans les meilleurs d\u00e9lais en fonction de la nature de votre demande. [contact-form-7 id=\u00a0\u00bb1964&Prime; title=\u00a0\u00bbFormulaire de contact 1&Prime;]<\/p>\n","protected":false},"author":1,"featured_media":341,"parent":0,"menu_order":0,"comment_status":"closed","ping_status":"closed","template":"","meta":{"footnotes":""},"class_list":["post-31","page","type-page","status-publish","has-post-thumbnail","hentry"],"_links":{"self":[{"href":"https:\/\/www.unissur.com\/index.php\/wp-json\/wp\/v2\/pages\/31","targetHints":{"allow":["GET"]}}],"collection":[{"href":"https:\/\/www.unissur.com\/index.php\/wp-json\/wp\/v2\/pages"}],"about":[{"href":"https:\/\/www.unissur.com\/index.php\/wp-json\/wp\/v2\/types\/page"}],"author":[{"embeddable":true,"href":"https:\/\/www.unissur.com\/index.php\/wp-json\/wp\/v2\/users\/1"}],"replies":[{"embeddable":true,"href":"https:\/\/www.unissur.com\/index.php\/wp-json\/wp\/v2\/comments?post=31"}],"version-history":[{"count":17,"href":"https:\/\/www.unissur.com\/index.php\/wp-json\/wp\/v2\/pages\/31\/revisions"}],"predecessor-version":[{"id":2212,"href":"https:\/\/www.unissur.com\/index.php\/wp-json\/wp\/v2\/pages\/31\/revisions\/2212"}],"wp:featuredmedia":[{"embeddable":true,"href":"https:\/\/www.unissur.com\/index.php\/wp-json\/wp\/v2\/media\/341"}],"wp:attachment":[{"href":"https:\/\/www.unissur.com\/index.php\/wp-json\/wp\/v2\/media?parent=31"}],"curies":[{"name":"wp","href":"https:\/\/api.w.org\/{rel}","templated":true}]}}